ative of -g**3/3 + g**2/2 - 28*g. What is r(1)?
-1
Let p be 5/(5/3) + 1 + -1. Let t(v) = 3*v + 1. Calculate t(p).
10
Let o be 9/(-6)*(-8)/(-12)*2. Let s(u) = -u**3 - u**2 + 2*u - 1. Determine s(o).
-1
Let a = 16 - 8. Let k be (6/4)/(6/a). Let m(z) = 2*z + 3*z + 0*z - k - z**2. Calculate m(5).
-2
Let m(o) be the second derivative of o**3/6 + o**2 + o. Let a be (-1)/(-3) + (-6)/(-9). Let z = a - 6. Calculate m(z).
-3
Let g(q) = -q + 4. Suppose -56*v = -59*v. What is g(v)?
4
Suppose -d = 4*i + 23, 2*d + 28 = -3*i - 2*i. Let f be (-2)/(4/i) - -1. Let k(q) = -q**2 + 4. Calculate k(f).
-12
Let b(q) = -2*q + 1. Let c = -5 - -8. Determine b(c).
-5
Let y(j) = -j**2 + 6*j - 4. Let g = -4 - -4. Suppose -3*n + 12 = -g*n. Determine y(n).
4
Let i(g) = 0*g**2 - 105 - g**2 + 102 - 3*g. What is i(-2)?
-1
Let p(v) = v**3 + 2*v**2 - 1. Let t = -33 - -54. Suppose 2*d + 5*d + t = 0. Determine p(d).
-10
Suppose b = -3*h - 4*b - 4, -5*b = -h + 32. Let w(v) = -v**2 + 5*v + 2. What is w(h)?
-12
Let g(z) = z**3 - 4*z**2 + 3*z - 1. Let f be g(2). Let n = f + -2. Let w(u) = -u**2 - 7*u - 4. What is w(n)?
6
Let j = 26 - 10. Suppose -2*q = -3*b - 8, 0*b - 2*q + j = -5*b. Let k(d) = 5 + 2*d - 3*d - 9 + 5*d + d**2. What is k(b)?
-4
Let r be (-12)/(-10)*(-10)/(-4). Let b(o) = 3*o + 4 - 5*o + r*o. Determine b(-6).
-2
Suppose c + 2*c - 50 = -5*p, 3*c - 46 = -p. Let i = c - 14. Let v(q) be the third derivative of 3*q**4/8 + q**3/6 + q**2. Give v(i).
10
Let r(i) = -i + 0*i + 4 - 4. Let t(o) be the first derivative of -3*o**2 - 1. Let n(c) = 33*r(c) - 6*t(c). What is n(-1)?
-3
Let t(q) = q**2 - q - 1. Let w(b) be the second derivative of -5*b**4/12 + 2*b**3/3 + 5*b**2/2 - b. Let j(d) = 6*t(d) + w(d). Calculate j(4).
7
Let i(v) = v**3 + 3*v**2 - 4*v + 2. Let o(l) = 3 - 20*l - 6 + 2 + 8*l. Let k be o(-1). Let q(c) = c**2 - 10*c - 15. Let y be q(k). Determine i(y).
2
Let j(i) be the third derivative of 0 + 1/24*i**4 + i**2 + 0*i - 2/3*i**3. Determine j(3).
-1
Let z(m) = m**2 - 3*m**2 - 5*m**3 + 0*m**3 + m - 2*m. Let x(p) = -p**3 + 11*p**2 - 10*p - 1. Let o be x(10). Give z(o).
4
Let v(y) = -2*y**2 + 2. Let u(h) = -h**2 + h + 1. Let g(a) = -u(a) + v(a). Suppose -2*z + 5*c + 0 = -5, 0 = 2*z + c + 1. Determine g(z).
1
Let p = -114/5 + 1373/60. Let d(s) be the third derivative of 4*s**2 + 1/60*s**6 - 1/30*s**5 + 0 - p*s**4 - 1/6*s**3 + 0*s. Calculate d(-1).
-3
Let p(o) = o - 21 + 12 + 0*o + 12. What is p(3)?
6
Let f(c) = 4*c**2 - 22*c - 10. Let t(d) = d**2 - 7*d - 3. Let j(a) = 2*f(a) - 7*t(a). Let p = -43 - -28. Let q = p + 11. Calculate j(q).
-3
Let y(r) be the first derivative of -r**3/3 - 3*r**2/2 - 2*r - 2. Let p be y(-3). Let w(q) = q**2 + 3*q**2 + 0*q**3 - 2*q**2 + 2*q**3 - 2*q - 3. Calculate w(p).
-7
Let a(p) = p**2 + 5*p - 6. Let u(v) = 7 - v**3 - 4 - 11*v**2 + 10*v - 2*v**3 + 4*v**3. Let q be u(10). Let x be (0 - 5)*(q + -2). Calculate a(x).
-6
Let u(g) = -2*g**3 - 6*g + 1 + 3*g - g. Let b(c) = 9*c**3 + 21*c - 6. Let w(m) = -2*b(m) - 11*u(m). Determine w(-1).
-5
Let c = -33 + 31. Let f(i) = 7*i**3 + 9*i**2 - 7*i. Let a(r) = 11*r**3 + 14*r**2 - 11*r. Let d(u) = -5*a(u) + 8*f(u). What is d(c)?
2
Let m(s) be the third derivative of -s**6/120 - s**5/20 + s**4/12 + 5*s**3/6 - 3*s**2. What is m(-4)?
13
Let y(j) = -1 + j + 6*j**3 - j. Suppose 6*m - 2*m - 4 = 2*r, 5*m - 4*r - 2 = 0. Suppose -5 = m*v - 7*v. Calculate y(v).
5
Let f(d) be the first derivative of d**3/3 - 2*d - 1. Let r = 0 + 1. Let s = r + -1. Give f(s).
-2
Let y(w) = w**3 + 6*w**2 - 6*w + 3. Let z(t) = -t - 3. Let x be z(4). What is y(x)?
-4
Let z(g) = -5*g - 283*g**2 + 3*g + 279*g**2 + g**3. What is z(5)?
15
Let n(p) be the third derivative of p**4/24 - 16*p**2. Give n(4).
4
Let i(m) = m**2 - m + 2. Let u be i(0). Let f = 2 - u. Let t(n) be the third derivative of n**6/120 - n**5/60 - n**4/24 - n**3/6 - 2*n**2. Give t(f).
-1
Let r(o) be the second derivative of 1/4*o**5 + 0 - 1/6*o**4 - 1/6*o**3 - o + 0*o**2. Let y = 0 + -1. What is r(y)?
-6
Let h(k) = 3*k**2 + 4*k. Suppose 0 = -4*r - 18 + 6. What is h(r)?
15
Suppose 3*x + 6 = -4*q, 0*q + 2*x = 3*q - 4. Let v(r) = r**3 - r**2 + r - 3. Determine v(q).
-3
Let l(r) = -14*r + 1. Let c = 19 + -14. Suppose -2 = -c*z - 4*d + 5*d, 9 = 3*d. Give l(z).
-13
Let d(c) = c**2 - 3*c + 3. Let q(f) = f + 2. Let p be q(0). Let n be d(p). Let m(h) = 2*h**2 - h. What is m(n)?
1
Let j(b) = -b**2 - b. Let a(p) = -2*p**3 - 6*p**2 - 2*p. Let y(z) = a(z) - 4*j(z). Suppose -3 = -5*f + 22. Let m be (-12)/(-15)*f/(-2). Determine y(m).
4
Suppose -l = -4*l + 51. Let b(r) = -8*r**2 - 9*r + 3. Let s(t) = 23*t**2 + 26*t - 8. Let y(f) = l*b(f) + 6*s(f). What is y(-2)?
5
Suppose 0 = 5*s + k - 4*k + 24, 5*s - 2*k + 21 = 0. Let y(v) = v**3 + 2*v**2 - 5*v - 3. What is y(s)?
3
Suppose 11 = -f - 5*g, -21 = -2*f + 5*f + 3*g. Let q(c) = c**3 + 10*c**2 - 9*c + 7. Let l(r) = -r**2 + r. Let v(y) = f*l(y) - q(y). Calculate v(-5).
3
Let f(g) = -1 - 3*g + 2*g + 5 + 1. Give f(4).
1
Let o(d) = d**3 - 7*d**2 - 1. Let p = 154 - 147. Determine o(p).
-1
Let k(a) = 12*a**3 - 2*a**2 - 8*a - 11. Let l(b) = 4*b**3 - b**2 - 3*b - 4. Let u(d) = -3*k(d) + 8*l(d). What is u(1)?
-5
Let x(m) = -4*m + 7. Let i be x(3). Let z(t) = t**2 + 6*t + 6. What is z(i)?
1
Let q(w) = 16*w**2 + 51*w. Let d(a) = 3*a**2 + 10*a. Let h(r) = -11*d(r) + 2*q(r). Give h(-8).
0
Let l(t) = -7*t**2 + 5*t + 8. Let a(p) = 15*p**2 - 10*p - 17. Let w(x) = -6*a(x) - 13*l(x). Determine w(6).
4
Let x(l) = -l**2 - 2*l + 1. Let s(i) = i**3 + 3*i**2. Let p be s(-3). Let n be (-1 + 2)*(-2 - p). Give x(n).
1
Let z(q) = q**2 + 9*q - 9. Let o(k) = 2*k**2 + 10*k - 9. Let d(w) = 2*o(w) - 3*z(w). What is d(6)?
3
Let s(t) be the second derivative of 2/3*t**3 + 0 + 9*t + 2*t**2 + 1/12*t**4. Suppose -2 = i + 1. What is s(i)?
1
Let m(o) be the first derivative of -1/4*o**4 + 2 + 9*o + 4*o**2 - 2*o**3. What is m(-7)?
2
Let w(c) = -2 - 40*c - c**2 + 31*c - 2 + 2. Suppose -4*h + 2*h = -4*b - 26, 4*b - 5*h + 29 = 0. What is w(b)?
16
Let g(r) = r**2 + 5*r - 4. Let i(p) = p**3 - 7*p**2 - 19*p + 4. Let s be i(9). Determine g(s).
-4
Let v(d) = -d**3 - 12*d**2 - 11*d. Let h be v(-11). Let w(b) = -3*b - 3 + 0 + h. Calculate w(-3).
6
Let u(g) = 1 + 1 - g**3 - 1. Let r = 112 - 112. What is u(r)?
1
Suppose 3*z - 4*x = -25, x + 5 = -z + 4*x. Let d = 17 + z. Let m(u) be the first derivative of -u**3/3 + 7*u**2/2 - 3*u + 3. Give m(d).
3
Suppose -b = -p + b + 14, p + 10 = -4*b. Let x = -3 + p. Suppose 6 = x*n - n. Let t(v) = v - 5. Calculate t(n).
-2
Let s(w) = 7*w - 5. Let g(y) = y - 1. Let q(v) = 6*g(v) - s(v). What is q(1)?
-2
Let h(b) = -11*b**2 + 10*b**2 + 8*b + 2 - 6 + 0*b**2. Give h(6).
8
Suppose 0*n = 3*y + 3*n + 6, y + 7 = 4*n. Let d(v) be the second derivative of -1/6*v**3 - 1/12*v**4 + 0 - v + 0*v**2. What is d(y)?
-6
Let p(h) = h**2 - h + 1. Let o be p(1). Let y(j) = 3*j. Give y(o).
3
Let c(r) = -r**2 - 4*r + 6. Let h be c(-6). Let z(v) = v**2 + 7*v + 9. What is z(h)?
3
Let w(o) = o**2 + 3*o - 1. Let c(l) = 3*l + l - 3*l. Let i be c(-1). Let y be 1/(-2)*(-6)/i. Calculate w(y).
-1
Let z(v) be the third derivative of -v**4/12 - v**3/3 + 15*v**2. Let m(l) = -2*l - 7. Let n be m(-5). Let j = 0 - n. Calculate z(j).
4
Let r(y) = 5*y**2 + 12*y - 1. Let f(z) = -4*z**2 - 11*z + 1. Let u(k) = -6*f(k) - 5*r(k). Let v(h) = -3*h + 1. Let x be v(-1). Give u(x).
7
Let d(q) = -17*q**2 + 5*q + 11. Let i(z) = -6*z**2 + 2*z + 4. Let u(g) = -3*d(g) + 8*i(g). Give u(1).
3
Let s(z) = z - 1. Let i(k) = 3*k - 3. Let l be (-6)/3*5/(-2). Let c = 4 - l. Let p(x) = c*i(x) + 4*s(x). What is p(5)?
4
Let p(x) be the second derivative of x**3/3 + 3*x**2/2 + 35*x. Determine p(7).
17
Let n(s) be the third derivative of -s**6/60 - s**5/15 - s**4/12 + s**3/3 + 15*s**2. Give n(-2).
6
Suppose 4*l = -r + 28, -2*r + 18 = l - 3. Let z(g) = g**2 - 9*g + 8. Give z(r).
0
Let z(p) = -p**2 - p. Suppose -21 = -2*d - d. Let m(s) = s - 6. Let b be m(d). Give z(b).
-2
Let j(i) = i**2 + 5*i + 4. Let a(o) = -o**2 - 4*o - 3. Let v be a(-3). Suppose -m - 2*k = v, -4*m - 3*k - 13 - 2 = 0. What is j(m)?
10
Let d(m) be the second derivative of -m**3/6 - 3*m**2/2 + m. Suppose z + 42 = 6*z - 4*n, 15 = 4*z + 3*n. Let l = z + -6. Determine d(l).
-3
Let v = -10 + 12. Let w(b) = b + 3*b**3 - 6*b**3 - 2*b**3 + 6*b**3 - 2 - 3*b**2. Determine